be s(-3). Let i be h(k). What is the greatest common factor of i and 30?
30
Suppose -4*i + 4*r + 544 = -448, -746 = -3*i + 2*r. Calculate the greatest common factor of 200 and i.
50
Let i(k) = 14*k**2 + 3*k + 9. Let o be i(-6). Calculate the greatest common divisor of 45 and o.
45
Let i = -227 + 231. Calculate the greatest common factor of 108 and i.
4
Suppose 3*b - 15 = 0, -5*t = 2*b + 1 - 41. What is the highest common factor of t and 96?
6
Suppose 4*a - 96 = k, 0 = 4*a - 49*k + 47*k - 92. Suppose -10*l + 7*l + 75 = 0. Calculate the highest common factor of a and l.
25
Suppose 0*o + 11 = -4*o + 5*w, -2*w + 7 = o. Calculate the greatest common divisor of 25 and o.
1
Suppose 0 = 2*t + 3*t + 15. Let h be (-50)/t*12/10. Suppose i - 4 = 5*f, 2*i + 11 = -3*f + 19. Calculate the highest common factor of h and i.
4
Suppose -7*d = 9171 - 9206. What is the greatest common factor of d and 250?
5
Let j = -122 - -125. What is the greatest common factor of j and 81?
3
Let g(s) = s**3 + 16*s**2 + 42*s + 111. Let f be g(-13). Let y(k) = 48*k**2 + k + 1. Let v be y(-1). Calculate the highest common divisor of f and v.
24
Let a(z) = -11*z - 58. Let j be a(-7). Calculate the highest common factor of 646 and j.
19
Let g = -218 + 317. What is the highest common factor of 9 and g?
9
Suppose 2*v = 3*m - 723, -3*m - 2*m + 1209 = -2*v. Calculate the highest common divisor of 27 and m.
27
Suppose -5*z + 4*z = 4*w - 7, 8 = 4*w. Let i be (-124)/(2*z) - 2. Suppose 2*a = 114 - 84. What is the highest common factor of a and i?
15
Let a = 121 + -72. Calculate the greatest common divisor of a and 189.
7
Suppose 0 = 2*d - 38 + 8. Let m be (112/(-20) + 2)/((-2)/d). What is the greatest common factor of m and 3?
3
Suppose o = 3, 4*o - 80 = -4*t - 24. Suppose 10 = -2*g + 4*g. Let r = t + g. What is the greatest common factor of 16 and r?
16
Suppose 4*g - 211 = -5*m, 5*g + 5 - 265 = -5*m. Let z = 23 + g. Calculate the greatest common divisor of z and 18.
18
Suppose 0*r - 3*r = -33. Let u = 13 - r. Suppose 1 = p + 2*h, -p + 3 + 3 = -3*h. What is the greatest common factor of u and p?
1
Let x = 1129 - 1119. Let p = -11 + 21. What is the highest common factor of p and x?
10
Suppose -t = -6*t + 3*l + 24, -2*l - 3 = t. Calculate the highest common factor of t and 57.
3
Let a(h) = -h**2 - 25*h + 551. Let b be a(-38). What is the greatest common divisor of 3819 and b?
57
Suppose -1973 = -18*c + 43. What is the highest common divisor of c and 3584?
112
Let n = -226 + 304. Calculate the greatest common factor of 585 and n.
39
Suppose -3*u + 129 = -5*p + 2*p, 3*p = u - 53. What is the greatest common factor of 152 and u?
38
Let o = -373 + 380. Calculate the greatest common factor of o and 1.
1
Suppose 2*i - 110 = -0*i. Let m(j) = 2*j**2 - 2*j + 2. Let k be m(2). Suppose 16 = 4*w, -k*x = -5*x - 4*w - 6. What is the greatest common divisor of i and x?
11
Suppose 0 = 18*m + 212 - 248. What is the highest common divisor of 67 and m?
1
Let x(m) = 7*m + 4. Let i be x(14). Let c = i - -31. What is the highest common divisor of 19 and c?
19
Suppose 3*t - 20 = -2*t. Let l = 315 - 313. What is the highest common factor of t and l?
2
Let k = -79 + 145. Let n be (-1 - -2) + 84/8*6. Let f = n - 42. Calculate the greatest common factor of k and f.
22
Let m be 45/3 - 3 - 0. Suppose -2*g - m = g - 4*c, 0 = 2*g - 3*c + 8. Let y = g - -11. What is the highest common divisor of y and 77?
7
Let m = 38 - 10. Suppose 0 = -3*p + 22*r - 16*r + 168, -5*p - r = -357. Calculate the highest common divisor of p and m.
14
Suppose 5*p = -2*g + 86, 5*g + 0*g = -p + 8. Let t = p + -14. What is the greatest common factor of t and 1?
1
Let y(c) = -c**2 - 2*c + 1. Let z be y(-2). Suppose -22 + 2 = -5*f. Suppose g + f = -w + 7, -g + 1 = 0. What is the greatest common factor of w and z?
1
Let v be 1/((-3)/(-228)*2). Let h = -74 + 172. Let a be 1 + (h - 4/1). What is the greatest common divisor of v and a?
19
Let x(m) = -m + 10. Let y be x(4). Suppose i = 3*u + 68, -2*u - y = 2. Calculate the greatest common factor of 168 and i.
56
Let x(l) = l**2 - 10*l + 16. Let q be (-2)/3 - (-75)/(-9). Let r be 97/9 - 2/q. Let m be x(r). What is the highest common divisor of 3 and m?
3
Suppose 4*l - 79 = 337. Suppose -8*m = -0*m - l. Let s be (-4)/(1/(-13)*1). Calculate the greatest common divisor of s and m.
13
Let u be 1 + (-7)/(21/(-18)). Suppose -5*p + 82 = u. Let w = 550 - 385. Calculate the highest common divisor of w and p.
15
Suppose -12*n - 30 = -6. Let h(o) = 3*o**2 + 3*o - 4. Let i be h(n). Let s be -1*1*-1*3. What is the highest common factor of s and i?
1
Let h = 9 + -1. Let q be 580/h - 1/2. Suppose 7*s = 29 + 27. What is the greatest common divisor of s and q?
8
Let u(p) = -p**3 - 8*p**2 - 14*p - 58. Let d be u(-8). What is the highest common divisor of d and 6?
6
Suppose 0 = 7*s - 24*s + 119. What is the greatest common factor of 56 and s?
7
Let b = 633 + -348. What is the highest common divisor of 3 and b?
3
Let c = 147 - 137. Let m(h) = -h**3 + 4*h**2 + 2*h - 6. Let a be m(4). Calculate the highest common divisor of a and c.
2
Let k(c) = 799*c - 7989. Let r be k(10). Suppose 0 = 5*v + 10 - 50. Calculate the highest common factor of r and v.
1
Suppose -5*h - 4*u + 32 = 0, 0*u = 3*h - 3*u - 3. Let s be (10 - 5 - h) + 2 + 5. Calculate the greatest common divisor of 1 and s.
1
Let c(s) = s + 2. Let l be c(-2). Let g be -1 - (-11)/(11/6). Suppose r + 4*a + 16 = 2*r, 3*r + g*a - 31 = l. Calculate the greatest common factor of r and 30.
6
Let v = 23 - 5. Let x be 1 + 3 + (v - 2). Calculate the highest common divisor of x and 100.
20
Let x = 52 + -66. Let t = x - -30. Calculate the highest common divisor of t and 40.
8
Suppose -w = -4*j + 5, -w + 4*w - 33 = -4*j. What is the greatest common factor of 203 and w?
7
Suppose -5*y - 3*i + i + 38 = 0, 5*i + 5 = 0. Suppose -u - y*u + 567 = 0. Let a be -1*(-10)/2 - -2. Calculate the highest common divisor of u and a.
7
Let t be (-67 - -66)*(-5)/(5/18). Suppose 0 = -5*z + 2*c + 225, -4*z + 2*c + 78 + 102 = 0. What is the highest common factor of z and t?
9
Suppose 7*d = -3*n + 5*d + 24, -n - 5*d + 34 = 0. Let x = 25 + -15. Calculate the highest common divisor of x and n.
2
Let v be (-880)/(-6) + 3/9. Calculate the highest common divisor of v and 42.
21
Let q = 1 + 2. Suppose -48 = -q*n + 315. What is the highest common divisor of n and 11?
11
Suppose 4*r = 5*r - 38. What is the greatest common divisor of 2 and r?
2
Suppose -3*c + 81 = 5*l + 16, 0 = -2*l + 5*c + 57. Calculate the greatest common divisor of l and 16.
16
Let a = 2 + 0. Suppose -5*z = -42 + a. Suppose -v + z = 4*c + 3*v, c + 2*v = -2. What is the highest common factor of 42 and c?
6
Suppose 4*r - 4729 = 1519. Suppose 0 = -7*n - 176 + r. What is the greatest common divisor of n and 22?
22
Let g be ((-6)/(-8))/((-9)/(-264)). Calculate the greatest common factor of g and 11.
11
Let l be 8/60 + 21296/30. Suppose 5*s = 4*s - 4*k + l, -k - 2789 = -4*s. Let v be (-1)/(-5) + s/10. What is the highest common factor of 10 and v?
10
Let o(m) = -13*m + 178. Let z be o(13). What is the highest common divisor of 24 and z?
3
Let q(c) = -c**2 - 11*c - 16. Let a be q(-7). Let t = a + 6. Let m be 2/9 - (-212)/t. Calculate the highest common divisor of m and 132.
12
Suppose -3*u + 8*u = 2*i + 1348, -2*u = -3*i - 537. Calculate the highest common divisor of 54 and u.
54
Let v = -100 - -190. Suppose -v*d - 480 = -93*d. Let q be (1/2)/(1/32). Calculate the greatest common factor of q and d.
16
Suppose -3*f + d + 387 = 0, -2*f = -3*d + 5*d - 250. Calculate the highest common factor of 160 and f.
32
Let x be ((-34)/17)/((-2)/(-66)*-2). What is the greatest common divisor of 77 and x?
11
Suppose -3*o + 99 = -5*d - 41, 285 = 5*o + 2*d. Calculate the highest common factor of o and 80.
5
Suppose -4*r - 3381 = -11*r. Let l be (-3)/5 + r/5. What is the greatest common factor of l and 12?
12
Let h(q) = -3*q - 4. Let s be h(-3). Suppose -5*p = -5*v - 45, 7*v = 2*p + 4*v - 22. Suppose -3*x = p - 65. Calculate the highest common factor of s and x.
5
Let c be ((-28)/(-70))/((-2)/20) - -16. Calculate the highest common factor of 996 and c.
12
Let m = 67 + -377. Let h be m/8 - 10/40. Let v = 96 - h. Calculate the highest common factor of 15 and v.
15
Let k 